 the third derivative of l**5/60 + 11*l**4/24 + 2*l**3/3 - 120*l**2. What is f(m)?
-24
Let b = 52 - 62. Let v be -1 + 10*1*b/(-25). Suppose v*f - 18 + 24 = 0. Let d(q) = -3*q**2 + q + 1. Calculate d(f).
-13
Let d(b) = 31*b + b - b - 29*b + 27 - 26. Suppose -6*z = -z - 10. Give d(z).
5
Let a(y) = y**3 + 5*y**2 - 8*y - 1. Suppose 2 = r + 4*f, -138*r + 4*f = -137*r + 14. What is a(r)?
11
Let h be ((-18)/12)/(6/(-16)). Let w(u) = 14*u - 3. Let l(v) = -18*v + 4. Let q(t) = -3*l(t) - 4*w(t). Determine q(h).
-8
Suppose -5*d = -1 + 21, -2 = 2*y + 3*d. Suppose p - 3*p - 5 = -5*h, -5*h = -4*p + y. Let z(i) = 6*i - 4. Calculate z(h).
14
Let n(v) = -5013*v**2 - 9 + 38*v - 31*v + 5015*v**2. Determine n(-5).
6
Let b(v) be the first derivative of -7*v**3/3 - 15*v**2 - 31*v - 1933. Give b(-1).
-8
Let h(i) = -481*i + 1441. Let d be h(3). Let k(v) = -9*v**2 - 23*v. Give k(d).
10
Let m be (-6)/(-4)*84/18. Let s(z) = -6*z + 37. Let q be s(m). Let a(x) = -5*x - 9. Let i(v) = -2*v - 4. Let f(r) = 3*a(r) - 7*i(r). Give f(q).
6
Let p(k) = -k**3 + 4*k**2 + k - 8. Suppose 12 = -3*o - 3*r + 9, -4*r - 8 = 2*o. Calculate p(o).
2
Let w(j) = j**2 - 4 + 5*j + 5 - 3. Let m(z) = 15*z**2 - 2*z**3 - 4 + 3*z**3 - 16*z**2 - z. Let d be m(0). Give w(d).
-6
Suppose 0 = -82*b + 84*b - 30. Let m(k) = 28*k - 418. Let p be m(b). Let l(r) = -2 - 2*r + 3 + 6*r. Give l(p).
9
Let f be 4 + (-31)/8 + (-21)/(-24). Let h be 1*(-7)/((-21)/12). Let m(c) = -h*c + 6*c - 3*c. Calculate m(f).
-1
Let h(u) be the second derivative of -u**4/12 + 3*u**3/2 + 3*u**2 - 584*u. Let q = 75 - 68. Give h(q).
20
Let j(f) = 7*f**2 - 40*f + 43. Let m(h) = 6*h**2 - 39*h + 43. Let t(d) = -4*j(d) + 5*m(d). Let u be t(16). Let q(l) = -l**2 - 4*l + 7. What is q(u)?
2
Let n be (-114)/(-18) - (-2)/(-6). Suppose -2*o - 11 = -3*l, -o - 2 = -2*l + n. Let w(a) = -9*a + 4*a**o - 3*a**2 - 286 + 287. Determine w(4).
-19
Let z be (7 - 0 - (-4 - 0)) + 2. Let j(k) = k**2 + 4*k - 3. Let s be j(3). Let u(g) = 0*g - 13*g**2 + s + 0 - g + g**3. What is u(z)?
5
Suppose -a + 36 + 15 = -4*d, 0 = -a - 3*d + 23. Let u(s) = 33*s + 3 + 2 - a*s - s**2 - 3 - 2*s**3. Determine u(2).
-22
Suppose 23*q + 2 = 24*q. Suppose -q*k = 0, -3*f - 11 = -4*k - 26. Let z(i) = -i**3 + 4*i**2 + 3*i - 2. What is z(f)?
-12
Let a = -758 - -755. Let q(l) = 4*l + 2. Let t(g) = -g - 1. Let v(c) = -q(c) - 2*t(c). What is v(a)?
6
Let c(k) = -k**3 + 13*k**2 - 17*k - 48. Suppose 4*x = 3*a - 21, x + 705 - 752 = -4*a. What is c(a)?
7
Let y be (-12)/(-8)*(-18 + 14). Let v(k) = -31*k - 189. What is v(y)?
-3
Suppose 2*a + 4 = 4*a. Let x(m) = -8*m - m**2 - 2*m**a - 2*m**2 + 2*m**2 - 7. Let v(h) = -16*h**2 - 40*h - 34. Let f(n) = 2*v(n) - 11*x(n). Calculate f(-6).
-3
Let m(l) be the third derivative of -l**6/360 + 11*l**5/120 + l**4/8 - 107*l**3/6 + 14*l**2 + 3. Let f(a) be the first derivative of m(a). Calculate f(10).
13
Suppose 2 = 4*s - 2*o + 14, -5*s - 20 = -5*o. Let w(t) = -t**2 - 7*t + 100. Let f be w(-14). Let n(q) = -q**3 - 329*q - 8 + 6 + 328*q + 2*q**f. Calculate n(s).
16
Let f(g) = -g**2 - 983 + 1952 + 16*g - 998 - 3*g. Determine f(7).
13
Let z(c) = c**2 - 62*c - 2896. Let n be z(-31). Let d(s) = -s**3 - 11*s**2 + 23*s - 20. What is d(n)?
19
Let m(u) = 2735*u**2 + 212*u**3 - 2728*u**2 - 2 - 211*u**3. Determine m(-7).
-2
Let x = -849 - -850. Let v(z) be the third derivative of -11*z**2 - 11/24*z**4 + 0 + 0*z**3 + 0*z. Determine v(x).
-11
Suppose -k + 35 = 4*o, -3*k = 4*o + k - 20. Let l(y) = 8*y - 33. Give l(o).
47
Let h be 11*(-3 + -3 + 8). Let p(m) = 3 - h*m - 7*m + 30*m. Calculate p(-10).
-7
Let h be 180/75 - 391/115. Let i(w) = 30*w - 14. Calculate i(h).
-44
Let k be (2 - 1)*1*(-5 + -26). Let g = 35 + k. Let h(d) = d + 1. Let l(t) = -t**2 + 9*t + 1. Let u(i) = 4*h(i) - l(i). Calculate u(g).
-1
Let s(h) be the second derivative of -h**4/6 + 4*h**3 + 27*h**2/2 + 145*h + 10. Give s(13).
1
Let l(t) = -t**3 - 2*t**2 + 2*t + 3. Suppose 0 = -n + 5*a - 0*a + 11, -5*n - 2*a + 28 = 0. Let r be (-15)/n - -3 - (-77)/(-22). Determine l(r).
6
Let g(m) = 10*m + 4. Let q = -517 + 523. Let a be (7/3 - 3)*(-45)/q. Calculate g(a).
54
Let b(o) = 2*o - 6. Suppose -9 = -3*c + 6*c, -c + 690 = 3*f. Let h be (-53)/(-11) + (-6)/f*-7. Calculate b(h).
4
Let f(l) = -l**2 + 5. Let j be f(0). Suppose -4 - 11 = j*x, -v + 12 = -2*x. Let t(u) = 0*u + 7*u - u**2 - 8*u + 2*u + 3 + 0*u. Give t(v).
-27
Let h(z) = -z**3 + 6*z**2. Let g be ((-4)/((-8)/21))/((-8)/(-16)). Suppose -2*q = -g + 13. Let b be ((-12)/14)/(q/(-28)). What is h(b)?
0
Suppose -20*w + 12*w = -32. Let h(r) = 7*r + 25. Let g(t) = 6*t + 23. Let l(o) = w*h(o) - 5*g(o). Give l(-8).
1
Let q(m) = -220*m + 64*m + 70*m + 76*m + 58. What is q(6)?
-2
Suppose -59 = 3*w + 5*m, 3863*m = 3*w + 3858*m - 71. Let i(u) = -10*u + 3. Let s(o) = o. Let r(h) = -i(h) - 3*s(h). What is r(w)?
11
Let d(c) = 4*c**2 + 76*c - 82. Let n(k) = 5*k**2 + 82*k - 108. Let w(p) = 6*d(p) - 5*n(p). Calculate w(47).
1
Let j(b) = -b + 9. Let p(v) = v**2 - 25*v - 137. Let u be p(30). Suppose -28*x + u*x = 0. Give j(x).
9
Suppose 23*o + 6*o + 57*o - 430 = 0. Let i(b) be the second derivative of b**5/20 - b**4/2 + 2*b**3/3 + 7*b**2/2 - b. Give i(o).
2
Let u(m) be the third derivative of m**4/24 + 8*m**3/3 - 6120*m**2. Determine u(-11).
5
Let f(v) be the first derivative of v**3/3 + 31*v**2/2 + 32*v + 2116. Give f(-29).
-26
Let q be (193 - 190)*24/(-9). Let i(n) = 11*n + 17. What is i(q)?
-71
Let d(q) = -15868 + 15864 + 5*q + q + 0*q. Give d(2).
8
Let y(a) = -2*a. Let f = 104 - 19. Let w = f - 71. Suppose 3*s + w = j, 2*s + 2*s = -j - 28. What is y(s)?
12
Let a(c) = -6 + c + 2 - 6. Let n = -2149 - -938. Let g = 1217 + n. Give a(g).
-4
Let p(r) be the first derivative of -13 + 5*r - 1/3*r**3 - r**2. Determine p(4).
-19
Let o be 2/7 + ((-61)/2)/(133/(-38)). Let v(f) = -f**3 + 10*f**2 - 6*f - 18. Give v(o).
9
Let h(p) = 8*p**2 - 24*p - 69. Let y(o) = 13*o**2 - 41*o - 104. Let f(m) = -8*h(m) + 5*y(m). What is f(3)?
2
Let l(w) = -6*w + 11. Let j(f) = 5*f - 11. Let h(u) = -7*j(u) - 6*l(u). Suppose 7 = 9*g - 2. Suppose -2*s + 5 = -3*y + 8, -5*s = -y + g. Determine h(s).
11
Let h(c) = -9*c - 37. Suppose 3*u = -5*j - 51, -4*j - 220 = 248*u - 220*u. Calculate h(j).
17
Let f(p) = p**3 - 5*p**2 - 5*p - 3. Suppose 6 = u + 5*h - 17, -4*h + 25 = 3*u. Suppose -u*j + 5*j = 38. Let g = j + -13. What is f(g)?
3
Let c(q) be the second derivative of -13*q**3/6 + 45*q**2 - 1875*q. Determine c(7).
-1
Let y(v) = 180*v - 226*v - 4092 + 2052 - 23*v**2 - v**3 + 1958. What is y(-21)?
2
Suppose 204 + 73 = 32*q - 11. Let k(v) = v**2 - 15*v + 58. Calculate k(q).
4
Suppose 0 = -2*z + 5*n - 155, -5*z = -7*n + 11*n + 338. Let d be 2/((-2)/7 - (-15)/z). Let o(v) = 5*v + v - v. Determine o(d).
-20
Let o(s) = -12*s - 87. Suppose 2159 = -7*k + 2110. Calculate o(k).
-3
Let l(a) = -25 - 75*a**2 - 303*a + 74*a**2 - 277*a + 561*a. Calculate l(-7).
59
Let d(s) = -s**3 + 10*s**2 + 20*s + 16. Let z = -39462 - -39474. What is d(z)?
-32
Suppose 4*b - 5*b + 4*x - 46 = 0, 230 = -5*b - x. Let l = b - -49. Suppose l*z = 24 - 33. Let m(v) = v + 3. Give m(z).
0
Suppose 5*m = 2*f + 3, 5*f - 4*m - 10 = 8. Let a(q) be the second derivative of -q**3/6 - q**2 - 3*q - 56. Determine a(f).
-8
Let w(k) = k**2 - 2*k - 10. Let r be w(-3). Let f(a) = -a**3 + a**2 + a**2 + 2*a**2 + 3*a + r*a + 4. Determine f(6).
-20
Let z(h) be the third derivative of h**5/60 + 19*h**4/24 - 3*h**3 + 570*h**2. Determine z(-20).
2
Let z(h) = -4*h**2 - 25*h - 9. Suppose -x + 50 = -8*i + x, 4*i = 4*x - 16. What is z(i)?
-30
Let u = 78 - 102. Let g = 31 + u. Let v(c) = -3 - 6*c - 2*c - c**3 + 5 + 3 + g*c**2. What is v(6)?
-7
Let n(c) be the second derivative of 0 + 1/6*c**3 + 1/12*c**4 + 3/2*c**2 - 47*c. Give n(0).
3
Let y = 64602 + -64606. Let w(l) = -8 - 3 + 2 - 2*l. Calculate w(y).
-1
Let z(a) = a**3 + 13*a**2 - 13*a - 20. Let p be ((-3)/(-2))/((-11)/(-440)*10). Suppose 0 = -p*u + 22 - 106. What is z(u)?
-34
Let a(b) = -42*b + 4. Suppose 108 = -23*l + 154. Determine a(l).
-80
Suppose 18 = z + z. Suppose 2*v = 1 - z. Let d(w) be the third derivative of -w**5/60 - 5*w**4/24 - 2*w**3/3 + 12*w**2 - 3*w. Calculate d(v).
0
Let g(l) = l**2 + 24*l - 10. Let f = 31150 + -31161. Give g(f).
-153
Let o(r) = 4*r - 3. Let z be o(3). Let k(t) be the third derivative of 